. Let x(r) = 2*r**2 - 22*r + 42. Let g be x(7). Calculate o(g).
-15
Let t(d) = 6*d**2 - 6*d - 2. Let o(a) = -7*a**2 + 7*a + 2. Let w(v) = -5*o(v) - 6*t(v). Give w(3).
-4
Let r(y) be the second derivative of -y**5/20 + y**4/2 - 3*y**2/2 + 33*y. Suppose -s + 4*q + 18 = 0, 0 = -2*s - s - 5*q + 3. What is r(s)?
-3
Suppose -2*m - 1875 = -1901. Let u(g) = -3*g + 31. Determine u(m).
-8
Let a = 1124 - 1120. Let m(h) = 5 - 3*h**2 - 4*h**2 + 3*h**2 + h**3. What is m(a)?
5
Let v(j) = j**3 - 3*j**2 - 8*j + 7. Suppose -2*r - 15 + 25 = 0. What is v(r)?
17
Let t(y) = 4*y - 41. Let b(z) = 8*z - 82. Let m(a) = -3*b(a) + 5*t(a). Let q be m(8). Let h(c) = c**3 - 8*c**2 - 9*c - 4. Give h(q).
-4
Let j(g) be the second derivative of -g**4/12 - 14*g**3/3 - 9*g**2 - 33*g + 4. Determine j(-27).
9
Suppose 5*y - 21*y - 32 = 0. Let u(d) = 2*d**3 - 3*d**2 - d + 1. Calculate u(y).
-25
Let d be 21/126 + -1*94/(-12). Let p(j) = j**3 - 9*j**2 + 6*j + 9. What is p(d)?
-7
Let b = -62 - -63. Let k(w) = 12*w + 3*w**2 + 3*w**3 - 4*w**3 - 9*w + 0 - b. Determine k(4).
-5
Let r(q) = -5*q**2 - 3515*q - 17 + 1766*q - q**3 + 8*q**2 + 8*q**2 + 1760*q. Calculate r(12).
-29
Let z(t) = t**2 + 9*t - 8. Let g = -88 - -78. Give z(g).
2
Let g(l) = 26*l + 100. Let s(n) = -16*n - 67. Let m(o) = 5*g(o) + 8*s(o). Give m(14).
-8
Suppose 9 = -5*t + 4*z + 59, 5*t - 50 = -4*z. Let l = -6 + t. Let f(r) be the second derivative of -r**4/12 + 5*r**3/6 + r**2/2 + 165*r + 2. Give f(l).
5
Let o(p) = -2 + 87*p + 8 - 86*p. Let c be o(-6). Let i(f) = f - f**3 - 2*f**3 + 1 + c + 2*f**3. What is i(-1)?
1
Suppose 51 = 4*j + 3*c, j - 5*c + 70 = 6*j. Suppose -5*y - j + 24 = 0. Let n(v) = y + 3*v + 2*v + 0*v - 6*v. What is n(0)?
3
Let m = 96 - 89. Suppose -2*c + 5 = -m*c. Let d(v) = 35*v**2 - 8*v - 5. Let n(g) = 23*g**2 - 5*g - 3. Let f(a) = -5*d(a) + 8*n(a). Determine f(c).
10
Suppose m = -b + 14, -b - 3*m + 60 = 4*b. Let y(f) = -f + 6. Give y(b).
-3
Let q(f) = 5*f**2 + 15*f - 2. Let t(d) = 11*d**2 + 31*d - 5. Let o(p) = 9*q(p) - 4*t(p). Determine o(-10).
-8
Let z = -113 - -118. Suppose -8 = -z*h + 17. Let k(j) = j**2 - 8*j + 4. Give k(h).
-11
Suppose -26 = -4*b + 2*i, -b + 3*i = 4*b - 33. Let f = -4 + b. Let z(v) = -f + 2 - v - 6. What is z(-7)?
1
Let f(a) be the first derivative of -2/3*a**3 - 28 + 2*a + 3/2*a**2 - 1/4*a**4. Suppose -5*j + 8 = -w, -3*w + 4*w = 4*j - 7. Calculate f(w).
2
Let p(g) = -2*g**3 + g**2 + 2*g. Let c(u) = 7*u**3 + 2*u**2 - 6*u + 7. Let d(x) = c(x) + 3*p(x). Give d(-6).
-29
Let d(c) be the first derivative of -c**4/4 - c**3/3 - 3*c**2/2 - 3*c + 6. Suppose 2*h = 6 + 2. Suppose -t - 3 = -k, -k - 6 = h*t + k. Determine d(t).
7
Let l(r) = -r**3 + 3*r**2 + 7*r - 1. Let w = 24 - 22. Let s be 1 + (0 + 2)*w. Determine l(s).
-16
Suppose -19 = 4*g - 3. Let q = -5 - g. Let o(m) = 15*m**3 + m**2 + m. What is o(q)?
-15
Let z(f) = -12*f**2 - f - 3. Let v(o) = 24*o**2 + 3*o + 7. Let d(j) = 2*v(j) + 5*z(j). Let k = 1779 - 1778. Calculate d(k).
-12
Let i(o) be the third derivative of -o**4/24 + 6*o**2 - 2*o. Determine i(2).
-2
Let z(w) = -2*w + 9. Let c = -179 - -184. Calculate z(c).
-1
Let g(a) = a**3 - 10*a**2 + 10*a - 5. Let k be g(9). Let n(v) = -1 + v**2 - 8*v + 5*v + k*v. Suppose 10 = 18*j - 23*j. What is n(j)?
1
Let p(o) = -11*o + 20. Suppose -12*l = -19*l + 14. What is p(l)?
-2
Let d(m) = m + 3. Let u(c) = c - 1. Let n be u(5). Suppose -12*y = -16*y + n. Suppose -5 = -s - y. What is d(s)?
7
Let m(x) = -x**3 - 2*x**2 + 6*x + 6. Suppose -73*g = 341 - 49. Give m(g).
14
Let t be (-6)/39 + (-76)/13. Let b(u) = -u**2 - 4*u + 6. Give b(t).
-6
Let n(q) = 2*q - 3. Let g(z) = -5*z + 6. Let o(s) = 3*g(s) + 7*n(s). Suppose 40 = 9*k + 76. Give o(k).
1
Let l(r) = r**3 - 3*r**2 + r. Let k be l(3). Suppose -k*b - 10 = -8*b. Let c(w) = -11*w**3 - 2 + 3*w + 6 + 12*w**3 - w - 5*w**b. What is c(3)?
-8
Let d be 1/(((-20)/(-5))/(-40)). Let b(g) = -2*g + 3. Calculate b(d).
23
Suppose 0 = -9*i + 13*i - 16. Suppose 2*z + 8 = 5*w - 7, i*z - 40 = -4*w. Let r(f) = f**2 - 6*f + 6. What is r(z)?
1
Let c(p) = -p. Let a(i) = -3*i**2 - 5*i + 1. Let z(d) = -a(d) + 5*c(d). Let v be (-4)/(0 + (-2)/1). What is z(v)?
11
Let n be ((-4)/12)/(-1 - (-10)/12). Suppose n = -122*w + 121*w. Let i(q) = -q**2 - q + 1. Determine i(w).
-1
Suppose 4*v + 106 = -2*a, 48 + 2 = -a + v. Let p = a + 45. Let r(j) be the first derivative of j**4/4 + 5*j**3/3 - 5*j**2/2 + 6*j - 1. Determine r(p).
0
Let l(i) = -i**3 + 6*i**2 + 7*i - 7. Let x(v) = v**3 - 4*v**2 + v + 2. Let y be x(4). Give l(y).
35
Let d = 0 - 7. Let j(b) = 2*b**3 - 21*b**2 + 16*b - 3. Let l(q) = -q**3 + 10*q**2 - 8*q + 1. Let i(m) = d*l(m) - 3*j(m). Give i(6).
14
Suppose 55*y - 36*y - 133 = 0. Let x(t) = -t**2 + 0*t - 5 - 6*t + 2*t**2. What is x(y)?
2
Let l = -470 - -460. Let h(n) = n - 4. Give h(l).
-14
Let k be (-1)/(4 - 22/6). Let b be (-5 - k) + (-2 - -6). Suppose 4*j - 12 = y, -5*y - 2*j + 12 = b*j. Let r(t) = t**2 - t - 3. Determine r(y).
-3
Suppose -44 - 61 = 5*v. Let b = v - -26. Let g(a) = -3*a + 5. What is g(b)?
-10
Let h = -26 - -34. Suppose -h*f + 11*f = 0. Let b(v) = v + 5. Give b(f).
5
Let k(t) = 14*t + 15. Let y(z) = 58*z + 69. Let l(i) = 9*k(i) - 2*y(i). What is l(4)?
37
Let g = -78 + 52. Let w be (3 + g/6)/((-3)/9). Let l(r) = r**2 - 4*r - 5. Determine l(w).
-5
Let n(b) be the first derivative of -15 + b - 1/2*b**2. Calculate n(7).
-6
Let s = -26 - -51. Suppose -8*o + 5*i + s = -3*o, -3*o - 3*i - 3 = 0. Let a(h) = o*h - h + 0 - 2 + 0. What is a(-4)?
-6
Suppose 0 = -h + 5*h + 12. Let a(q) = 6. Let v(b) = b - 13. Let s(z) = -5*a(z) - 2*v(z). Calculate s(h).
2
Suppose 12 = 2*s - 4. Suppose -s*c = -0 - 24. Let x(a) = 3*a - 3. Determine x(c).
6
Let w(p) = p + 8. Let s be w(-6). Let x(c) = 1 - 7 + 6*c + 2*c**2 - c**s. Let j be x(-7). Let b(l) = 3*l + 1. Give b(j).
4
Let m = -28 + -6. Let b = -28 - m. Let j(c) = -c**3 + 6*c**2 + c - 4. Determine j(b).
2
Suppose 5*d = -0*d + 50. Suppose -6*g - d = 14. Let r(c) be the second derivative of c**4/12 + c**3 + 5*c**2/2 - c. Give r(g).
-3
Suppose 3 = 5*q - 3*s - 13, 16 = 3*q - 5*s. Let n(t) be the second derivative of 1/6*t**3 - 11*t - 1/6*t**4 + 0 + 1/2*t**q. Determine n(-1).
-2
Let k(p) = p + 1. Suppose -5*u + 23 = -3*u - 5*l, -3*l - 19 = 4*u. Calculate k(u).
0
Let d(b) be the first derivative of b**3/3 + 9. Let u be d(2). Suppose 2*c = i - 4, -7*i + 2*i + u*c + 20 = 0. Let h(f) = 3*f - 6. Give h(i).
6
Let i(d) = -4*d**3 - 8*d**2 + d + 8. Let o = 55 + -39. Let p = -7 + o. Let u(y) = y**3 + 2*y**2 - 2. Let t(l) = p*u(l) + 2*i(l). Give t(-2).
-6
Let r(z) = -z**2 - 7*z + 5. Suppose -5*o - 180 - 230 = 0. Let s = o - -75. Give r(s).
5
Let v(y) be the first derivative of -y**3/3 - y**2/2 - 3*y + 61. Determine v(-3).
-9
Let w(b) = -9*b - b - 28537 + b**3 - b**2 + 28545 + 10*b**2. Determine w(-10).
8
Let s(f) = -27 - 1446*f**2 + 1445*f**2 + 9 - 9*f. Give s(-6).
0
Let c(z) = -2*z - 2. Suppose 2*p + 2*p = -64. Let h(l) = l**3 + 15*l**2 - 16*l - 2. Let a be h(p). Calculate c(a).
2
Suppose 128 = 2*c - 4*c. Let b be c/12 - (-1)/3. Let g(v) = -19*v**3 + 5*v**2 + 3. Let n(j) = 10*j**3 - 3*j**2 - 2. Let u(s) = b*n(s) - 3*g(s). Calculate u(-1).
-6
Suppose 8*n = -5*n + 169. Let o(t) = t + 6 - 3 - n - 2. Let b(g) = g - 5. Let j be b(5). Calculate o(j).
-12
Let u(k) be the first derivative of k**4/4 - 8*k**3/3 + 9*k**2/2 - 7*k + 163. Calculate u(7).
7
Let k(f) = -f**3 + 6*f**2 + 7*f - 4. Let u(o) be the third derivative of -o**4/6 - 7*o**3/2 - 3*o**2. Let d be u(-7). What is k(d)?
-4
Let m be (6/18)/((-1)/12). Let o(f) = -2*f**2 + f + 1. Let a(q) = 5*q**2 - 3*q - 3. Let i(p) = 3*a(p) + 8*o(p). Calculate i(m).
-13
Let t(f) = f - 8 - 2*f + 1 + f + 2*f. Suppose -q + 4 + 10 = 0. Suppose -q = -v - v. Give t(v).
7
Let p(w) = 1. Let t(y) = -9*y + 3. Let k(n) = -4*p(n) + t(n). Let c = -56 - -61. Suppose -6*b = -11*b - c. What is k(b)?
8
Let s = 3 + -2. Let o(y) = 4*y**3 - 15 - 256*y**2 + 0*y**3 + 14 + 257*y**2. Determine o(s).
4
Suppose 0 = -k + 5*k - 8. Suppose -z - 2*a = k, -4*a - 9 = 3*z - 1. Let j(h) be the second derivative of -h**3/6 - 2*h**2 - 8*h. What is j(z)?
0
Let j(p) = 2*p**3 - 17*p**2 + 13*p - 39. Let l be j(8). Let s(y) = -2 - 6*y + 1 + 0*y. Give s(l).
-7
Let q(a) = a**2 + 7*a + 8. Let c(g) = g**3 + 6*g**2 + 4*g. Let w be c(-5). Suppose w = 2*n +